-50. Calculate the remainder when r is divided by 12.
11
Let j(w) = w**3 - 19*w**2 + 19*w - 3. Calculate the remainder when 44 is divided by j(18).
14
Suppose 3*y - 3*g + 7*g - 34 = 0, g = 4. Let x = 26 - 25. Calculate the remainder when 8 is divided by x/y + 17/6.
2
What is the remainder when 49 is divided by 5/30*-2*-51?
15
Calculate the remainder when (-458)/(-10) + (-5)/(-25) is divided by 12.
10
Let y be ((-2)/3)/((-2)/6). Suppose 0*j + 4 = y*j. Suppose -j*o + 21 = o. Calculate the remainder when o is divided by 4.
3
Suppose 4 = -2*n + 4*g, 2*n - 4*n + 2 = -g. Suppose n*w = 2*r, r - 4*w + 35 = 4*r. Calculate the remainder when 8 is divided by r.
3
Let n = 16 - 13. Suppose 4*x + 3*t + 0*t - 41 = 0, -37 = -n*x - t. What is the remainder when x is divided by 8?
6
Suppose -5*p - 28 - 17 = 0. Let w = -4 - p. Let x(i) = 2*i - 3. What is the remainder when x(w) is divided by 4?
3
What is the remainder when 2/(68/20 + -3) - 1 is divided by 4?
0
Let b(o) = o**2 + 3*o + 1. Let f be 8/(-4) - (-2 + -6). What is the remainder when b(f) is divided by 19?
17
Let t = -11 - -13. Suppose 0 = -0*i - i + 6. What is the remainder when (t + 2)/((-6)/(-15)) is divided by i?
4
Let w(q) = 9*q**3 - 2*q**2 - 6*q + 10. Calculate the remainder when w(2) is divided by 21.
20
Calculate the remainder when (-91)/(-7) + 3/1 is divided by 7.
2
Let i be 17/5 - (-6)/(-15). Suppose 0 = -s - i*s + 4. What is the remainder when 23 is divided by (s - 2)/((-2)/16)?
7
Let i be (4 - -2)*(-1 - 0). Let b(u) = -u - 2. Let d be b(i). Suppose y - 16 = d*a, -y - 4*a = -0*y - 24. Calculate the remainder when 78 is divided by y.
18
Suppose -3*v = -4*t + 32, -6*t - 3*v + 34 = -4*t. Let n(m) = 2*m**3 - 2*m**2 - 2*m + 2. Calculate the remainder when n(3) is divided by t.
10
Let x = -29 + 59. Let s be (-48)/(-27) + 2/9. Let w = x + s. What is the remainder when w is divided by 11?
10
Let a(g) = 5*g**2 + g. Let o be a(-2). What is the remainder when (-4)/o - (-335)/9 is divided by 13?
11
Let h(s) = -3*s - 2 + 15*s + 18*s - 8*s. Let r be -2 - (-3)/(6/10). Calculate the remainder when h(r) is divided by 22.
20
Let i be (22/(-4))/((-2)/(-4)). Let f(v) = v**3 - 4*v**2 + 3*v + 2. Let b be f(5). Let y = b + i. Calculate the remainder when y is divided by 11.
9
What is the remainder when -105*(-3 + 0)/3 is divided by 27?
24
Let p(u) = -2*u**3 - u**2 + 2*u + 3. Suppose 18*r = 20*r - 60. Calculate the remainder when r is divided by p(-2).
8
Let r = -66 + 147. What is the remainder when r is divided by 21?
18
Let c(z) = 5*z - 16. What is the remainder when 193 is divided by c(11)?
37
Let q(m) = 2*m**3 - 3*m**2 + m + 1. What is the remainder when 88 is divided by q(3)?
26
Suppose -25*s = -21*s - 52. What is the remainder when s is divided by 8?
5
Let p = 1 + -1. Suppose p*k = -k. Suppose 3*f + f - 24 = k. What is the remainder when 17 is divided by f?
5
Suppose 12 = -3*o + 30. Suppose -10*s + o*s = -28. What is the remainder when s is divided by 4?
3
Let i(o) = 8*o + 3. Calculate the remainder when i(5) is divided by 12.
7
Suppose 0 = -3*q - 5*g + 49, 5*g = -2*q + q + 3. Suppose 4*h - 2*z + 28 = 292, 0 = z. What is the remainder when h is divided by q?
20
Let d = 125 - 95. What is the remainder when 45 is divided by d?
15
Suppose 0 = 10*m - 12*m + 8. Calculate the remainder when 5 is divided by m.
1
Suppose -4*f = -33 - 35. Calculate the remainder when f is divided by ((-30)/25)/(-1 - (-16)/20).
5
Let u(k) = -4*k - 4. Let q(l) = l**3 - 11*l**2 - 14*l + 17. Let v be q(12). Let p = 174 + -104. Calculate the remainder when p is divided by u(v).
22
Suppose 4*l - 31 = -4*a + 41, 0 = a + 2*l - 14. Let w = a + -6. Suppose -2*v - 45 = 5*i - 10*i, v = -3*i + 27. What is the remainder when w is divided by i?
7
Let l(m) = m**2 + 3. Let w be l(0). Let u = 7 - w. Suppose -2*i = 2*a - 58, u*a - 4*i + 0*i = 76. What is the remainder when a is divided by 9?
6
Suppose 4*z - 10 = -2. What is the remainder when z/11 + (-788)/(-22) is divided by 19?
17
Let y = 12 + 3. Let o(q) = -2*q**3 - 14*q**2 - 9*q - 4. Calculate the remainder when o(-7) is divided by y.
14
Let i(j) = -j**2 + 10*j - 4. What is the remainder when i(5) is divided by 11?
10
Suppose 0 = v + 4*v - 55. Let o = 6 + v. What is the remainder when o is divided by 5?
2
Let a be (-1)/3 - (-32)/6. Suppose 30 + 10 = a*f. What is the remainder when f is divided by (-5)/(-3)*(-9)/(-3)?
3
Let y(s) = s**2 - 3*s + 7. What is the remainder when 62 is divided by y(5)?
11
Suppose -2*t + 30 = 5*c, 2*t - 28 = -2*c - 2*t. Let v = 7 + c. What is the remainder when -2 - -2*(-46)/(-4) is divided by v?
10
Let d be (4/(-6))/((-6)/9). Suppose -2 - d = -p. Suppose 159 = p*r + 4*f - f, -2*f - 41 = -r. What is the remainder when r is divided by 17?
15
Suppose 4*u = -o - 571 + 50, 5*u - 4*o = -646. What is the remainder when 48 is divided by ((-3)/2)/(15/u)?
9
Suppose 2 - 4 = -c. Suppose c*g + 4*v = -g + 26, 0 = -5*g - v + 15. Let k = 34 + -30. Calculate the remainder when k is divided by g.
0
Suppose -5*p + 114 = f, 5 = -2*p + 5*f + 29. Suppose x + 2 = -3*z + 20, -5*x - 2*z + 64 = 0. Calculate the remainder when p is divided by x.
10
Let y(u) = -6*u**2 + 40*u + 4. Let w(z) = 2*z**2 - 13*z - 1. Let s(t) = 16*w(t) + 5*y(t). Let p = 3 - -3. Calculate the remainder when s(p) is divided by 15.
13
Let f(a) = a**2 + 2*a. Calculate the remainder when 15 is divided by f(2).
7
What is the remainder when ((-16)/6)/((-6)/63) is divided by 6?
4
Let a be 2*-1 + 0 + 2. What is the remainder when ((-94)/8)/((-3)/12) is divided by 16 - 2/6*a?
15
Calculate the remainder when 38 is divided by ((-28)/(-12))/(6/18).
3
Let s be 18 - 1*(-3 + 3). Let d = -9 + s. What is the remainder when d is divided by 6?
3
Suppose 5*i + 0*d + 4*d - 16 = 0, 2*d = -4*i + 14. Suppose -i*m + 55 = 3. Calculate the remainder when 38 is divided by m.
12
Let m(t) = -6*t - 7. Let s be m(-3). Let h = s + 11. What is the remainder when h is divided by 8?
6
Let i be (-2)/8 - 1/(-4). Suppose i = w + 5*t - 51, -2*t + 337 = 4*w + 133. Let u = w + -32. Calculate the remainder when 37 is divided by u.
18
Suppose -5*j + 4 = -86. What is the remainder when 68 is divided by j?
14
Suppose o + 0*o - 32 = 0. Let y = o - 1. What is the remainder when y is divided by 11?
9
Suppose -5*u - 5*k = -255, u + 2*k = -3*u + 212. Calculate the remainder when u is divided by 19.
17
Suppose -4*u - 128 = -4*h, -3*u - u - 118 = -2*h. What is the remainder when 6/u + 200/9 is divided by 8?
6
Let d = 34 - 24. What is the remainder when 28 is divided by d?
8
Suppose 0 = -5*w + 2*a + 217, -2*w = 5*a + 45 - 126. Calculate the remainder when w is divided by 15.
13
Let x = 3 - -9. Let s be (-1)/(-3) - (-296)/x. Let a = s - 14. What is the remainder when 20 is divided by a?
9
Let p = 86 + -56. Calculate the remainder when p is divided by 11.
8
Suppose -47 - 33 = -4*d. What is the remainder when d is divided by 8?
4
Let g(p) = -5*p**2 - 7*p + 1. Let v(k) = k**2 + k. Let d(r) = g(r) + 6*v(r). Calculate the remainder when 1 is divided by d(0).
0
Suppose 5*p - p = r + 195, 100 = 2*p + 2*r. Calculate the remainder when 97 is divided by p.
48
Let f = 24 + 2. Suppose -4*r = 3*j - 19 - 14, j + 3*r = 16. What is the remainder when f is divided by j?
5
Let t be (-3)/(-2)*(-16)/(-12). Suppose -t*u = -5*g - 63, 0 = 3*u - 3*g + 7*g - 60. Calculate the remainder when u is divided by 9.
6
Suppose i - 13 + 2 = 0. Suppose -5*b = -3*b. Suppose m + 6 - 25 = b. What is the remainder when m is divided by i?
8
Suppose -2*n + 356 = 2*t, 3*t = -2*n + 3*n - 162. Suppose g + n = 4*g. What is the remainder when g is divided by 20?
18
Suppose 3 = 2*b - 1. Let g = -7 - -11. Suppose 12 = 4*r + g. What is the remainder when b is divided by r?
0
Let s(t) = -t**2 + 25*t - 38. Calculate the remainder when s(19) is divided by 11.
10
Calculate the remainder when 57 is divided by 4/(-26) - 3360/(-208).
9
Let w(p) = p**3 - 3*p**2 + 2*p - 2. What is the remainder when 14 is divided by w(3)?
2
Let m = -67 - -82. What is the remainder when m is divided by 9?
6
Let b(l) be the third derivative of l**6/120 + 2*l**5/15 + 7*l**4/24 + 5*l**3/6 + l**2. Let j = 22 - 8. What is the remainder when j is divided by b(-7)?
4
Let w = 98 + -61. Calculate the remainder when 147 is divided by w.
36
Let p(y) be the second